er?
True
Is 4117 composite?
True
Is 10951 a composite number?
True
Is 45497 composite?
False
Is 141 a prime number?
False
Is 1049 a prime number?
True
Is 159 a prime number?
False
Is 389269 a composite number?
False
Is 20021 composite?
False
Is 7435421 composite?
True
Is 262877 a prime number?
True
Is 205341 a prime number?
False
Is 1068094 a prime number?
False
Is 5591609 a composite number?
False
Is 173137 a prime number?
True
Is 88379 a prime number?
True
Is 100907 prime?
True
Is 2815 a prime number?
False
Is 206611 prime?
False
Is 524459 a prime number?
False
Is 1939 composite?
True
Is 156089 a composite number?
False
Is 38261 a composite number?
False
Is 1737161 prime?
True
Is 3047 prime?
False
Is 295577 a prime number?
False
Is 4861 composite?
False
Is 164617 prime?
True
Is 19 composite?
False
Is 4327 prime?
True
Is 1853063 composite?
False
Is 120845 prime?
False
Is 7279 prime?
False
Is 2361 composite?
True
Is 2339395 prime?
False
Is 14759 composite?
False
Is 5045 prime?
False
Is 15683 a composite number?
False
Is 18463 prime?
False
Is 18059 composite?
False
Is 273599 composite?
True
Is 747811 prime?
True
Is 270059 a composite number?
False
Is 2767 a composite number?
False
Is 11441 a composite number?
True
Is 8497 a composite number?
True
Is 41309 composite?
True
Is 12353 a composite number?
True
Is 932902 a composite number?
True
Is 1181 a composite number?
False
Is 1258511 a prime number?
True
Is 34057 a prime number?
True
Is 111187 composite?
False
Is 4699 prime?
False
Is 75917 composite?
True
Is 1543 prime?
True
Is 3967 prime?
True
Is 14591 a prime number?
True
Is 127 composite?
False
Is 58777 composite?
True
Is 137117 composite?
False
Is 630659 a composite number?
False
Is 37039 a prime number?
True
Is 571 prime?
True
Is 95255 prime?
False
Is 40577 a prime number?
True
Is 2017 a composite number?
False
Is 21269 a composite number?
False
Is 1533653 prime?
False
Is 67357 a prime number?
False
Is 74923 composite?
False
Is 119489 prime?
True
Is 420757 a composite number?
False
Is 23151 a prime number?
False
Is 11283 a composite number?
True
Is 116333 composite?
True
Is 2503 a prime number?
True
Is 459939 composite?
True
Is 923 prime?
False
Is 51694 composite?
True
Is 2819 prime?
True
Is 185423 a composite number?
True
Is 49421 a composite number?
True
Is 752321 composite?
True
Is 27641 prime?
False
Is 1091429 a composite number?
True
Is 21991 a composite number?
False
Is 133153 prime?
True
Is 52163 prime?
True
Is 91337 a prime number?
False
Is 19301 a prime number?
True
Is 259261 a composite number?
True
Is 987457 a composite number?
False
Is 1025439 a prime number?
False
Is 2703659 prime?
False
Is 13033 prime?
True
Is 107633 prime?
False
Is 17819 composite?
True
Is 667013 composite?
False
Is 96533 prime?
False
Is 230369 prime?
True
Is 54091 a prime number?
True
Is 13369 composite?
True
Is 23741 prime?
True
Is 4327 prime?
True
Is 407989 prime?
False
Is 197059 a composite number?
False
Is 1838191 composite?
False
Is 371333 prime?
True
Is 1343 composite?
True
Is 5464757 a prime number?
False
Is 6139 composite?
True
Is 22171 prime?
True
Is 140969 prime?
False
Is 3779 prime?
True
Is 1321333 a composite number?
True
Is 234877 prime?
False
Is 838437 prime?
False
Is 85385 a composite number?
True
Is 58423 a composite number?
True
Is 296089 prime?
False
Is 3151 prime?
False
Is 125737 prime?
True
Is 19263 a prime number?
False
Is 2068783 prime?
False
Is 271561 prime?
False
Is 1154509 composite?
False
Is 20993 composite?
True
Is 194767 a composite number?
False
Is 1365989 a prime number?
False
Is 35339 a prime number?
True
Is 8989 a prime number?
False
Is 2203 composite?
False
Is 176993 a prime number?
False
Is 12902 a prime number?
False
Is 310627 composite?
False
Is 1258753 a composite number?
False
Is 210803 a prime number?
True
Is 2495287 a prime number?
False
Is 53111 composite?
True
Is 5293 a prime number?
False
Is 3989 a composite number?
False
Is 44929 prime?
False
Is 115721 a prime number?
False
Is 36559 a prime number?
True
Is 9587 a composite number?
False
Is 686689 a prime number?
False
Is 2459 prime?
True
Is 29879 composite?
False
Is 8521 a prime number?
True
Is 67289 prime?
True
Is 54413 composite?
False
Is 7103 a prime number?
True
Is 97637 a prime number?
False
Is 58817 prime?
False
Is 283937 a composite number?
False
Is 21223 a composite number?
True
Is 1117 a composite number?
False
Is 176771 prime?
False
Is 5567 prime?
False
Is 230331 prime?
False
Is 647 a composite number?
False
Is 334681 a prime number?
True
Is 9097 a prime number?
False
Is 1255 prime?
False
Is 728173 a prime number?
True
Is 5979 a composite number?
True
Is 6779 prime?
True
Is 2375479 composite?
False
Is 1559839 a prime number?
True
Is 50117 a prime number?
False
Is 931109 prime?
False
Is 89437 composite?
True
Is 67247 a prime number?
True
Is 185423 prime?
False
Is 115057 a prime number?
True
Is 8461 prime?
True
Is 16447 prime?
True
Is 264817 prime?
False
Is 51341 composite?
False
Is 73361 composite?
False
Is 9029 prime?
True
Is 504133 prime?
False
Is 132395 composite?
True
Is 257731 composite?
False
Is 260483 prime?
True
Is 1361 a prime number?
True
Is 130063 prime?
False
Is 181601 prime?
False
Is 1019297 composite?
False
Is 1328407 a prime number?
True
Is 5497 a composite number?
True
Is 572597 a composite number?
False
Is 2053 prime?
True
Is 46862 a composite number?
True
Is 404669 a composite number?
True
Is 25157 a prime number?
False
Is 38149 prime?
True
Is 321493 a composite number?
True
Is 160357 prime?
True
Is 1163 a prime number?
True
Is 2543 a prime number?
True
Is 106813 a prime number?
False
Is 60247 a composite number?
True
Is 11801 composite?
False
Is 55579 prime?
True
Is 521 a prime number?
True
Is 27397 a prime number?
True
Is 157601 a composite number?
True
Is 27257 a prime number?
False
Is 68131 a composite number?
True
Is 1527931 a composite number?
False
Is 20059 composite?
True
Is 3407 composite?
False
Is 9917 a prime number?
False
Is 127 prime?
True
Is 94649 a composite number?
False
Is 6323 composite?
False
Is 214217 a composite number?
True
Is 7699 prime?
True
Is 77191 composite?
False
Is 192787 composite?
True
Is 1203041 a composite number?
True
Is 815123 prime?
True
Is 506101 prime?
True
Is 3209 composite?
False
Is 298581 composite?
True
Is 497567 a prime number?
False
Is 630559 composite?
False
Is 118453 a composite number?
False
Is 110447 a prime number?
False
Is 10301 prime?
True
Is 7165 prime?
False
Is 160829 prime?
True
Is 6333 a prime number?
False
Is 51193 composite?
False
Is 123667 a composite number?
False
Is 50965 prime?
False
Is 2637169 a composite number?
False
Is 2317987 a prime number?
False
Is 80897 a composite number?
False
Is 21101 a composite number?
False
Is 38146 prime?
False
Is 5567 prime?
False
Is 35521 prime?
True
Is 7151 prime?
True
Is 9763 prime?
False
Is 2644241 prime?
False
Is 9953 a prime number?
False
Is 361145 prime?
False
Is 278779 a prime number?
False
Is 7727 a prime number?
True
Is 118537 a prime number?
False
Is 1967641 a prime number?
False
Is 8951 prime?
True
Is 546929 composite?
True
Is 10771 composite?
False
Is 806719 prime?
True
Is 699917 prime?
False
Is 622 a prime number?
False
Is 425891 composite?
True
Is 18001 composite?
True
Is 54079 a composite number?
True
Is 99607 prime?
True
Is 14479 a composite number?
False
Is 130957 a prime number?
True
Is 31567 a prime number?
True
Is 1289553 composite?
True
Is 71042 a prime number?
False
Is 478991 a prime number?
True
Is 11843 prime?
False
Is 18251 prime?
True
Is 109073 composite?
False
Is 7807 prime?
False
Is 70991 composite?
False
Is 274273 prime?
False
Is 6847 prime?
False
Is 373 a prime number?
True
Is 510889 a prime number?
True
Is 345737 a composite number?
True
Is 4139 a prime number?
True
Is 225119 a prime number?
True
Is 353545 prime?
False
Is 554417 a prime number?
True
Is 1113023 a prime number?
False
Is 60703 composite?
False
Is 4269 a composite number?
True
Is 38579 composite?
True
Is 16099 a prime number?
False
Is 3602 prime?
False
Is 17455 prime?
False
Is 66577 a composite number?
True
Is 80651 a prime number?
True
Is 13582 a prime number?
False
Is 6899 prime?
True
Is 20369 composite?
False
Is 458633 composite?
True
Is 679543